d by 279509.
157
Calculate the remainder when 1837753 is divided by 9248.
6649
What is the remainder when 24785595 is divided by 103?
87
What is the remainder when 27180 is divided by 372?
24
What is the remainder when 1537174 is divided by 1464?
1438
Calculate the remainder when 37557 is divided by 821.
612
What is the remainder when 1518725 is divided by 759273?
179
Calculate the remainder when 403270 is divided by 66468.
4462
What is the remainder when 289172 is divided by 41?
40
What is the remainder when 1939207 is divided by 3652?
3647
Calculate the remainder when 61404203 is divided by 2860.
3
What is the remainder when 191446 is divided by 27346?
24
What is the remainder when 7258043 is divided by 34?
29
Calculate the remainder when 4846566 is divided by 2196.
2190
Calculate the remainder when 107640004 is divided by 591.
583
Calculate the remainder when 2647907 is divided by 356.
335
What is the remainder when 7722227 is divided by 3861112?
3
What is the remainder when 12498 is divided by 6197?
104
What is the remainder when 89568489 is divided by 56?
17
What is the remainder when 81542 is divided by 10189?
30
Calculate the remainder when 716896 is divided by 335.
331
Calculate the remainder when 82566362 is divided by 295.
287
What is the remainder when 130330385 is divided by 5946?
11
Calculate the remainder when 1956055 is divided by 1349.
5
What is the remainder when 1832328 is divided by 52352?
8
What is the remainder when 183244 is divided by 14045?
659
What is the remainder when 16446993 is divided by 16446952?
41
What is the remainder when 390383 is divided by 1276?
1203
Calculate the remainder when 176604 is divided by 506.
10
Calculate the remainder when 83788 is divided by 436.
76
Calculate the remainder when 365661 is divided by 71097.
10176
What is the remainder when 1271868 is divided by 16735?
8
Calculate the remainder when 202323 is divided by 1947.
1782
Calculate the remainder when 3316 is divided by 3155.
161
Calculate the remainder when 942585 is divided by 200.
185
What is the remainder when 96429 is divided by 1281?
354
What is the remainder when 85090 is divided by 4477?
27
What is the remainder when 138858891 is divided by 358?
357
Calculate the remainder when 105959 is divided by 73.
36
Calculate the remainder when 111287 is divided by 171.
137
What is the remainder when 130848 is divided by 13586?
8574
What is the remainder when 12613764 is divided by 629?
427
What is the remainder when 8405247 is divided by 332?
3
What is the remainder when 400991 is divided by 28?
3
What is the remainder when 308092 is divided by 260?
252
Calculate the remainder when 28387 is divided by 1457.
704
What is the remainder when 94886 is divided by 208?
38
What is the remainder when 688909 is divided by 6208?
6029
What is the remainder when 12864 is divided by 11399?
1465
What is the remainder when 554415 is divided by 400?
15
Calculate the remainder when 4434637 is divided by 294.
235
Calculate the remainder when 1422137 is divided by 254.
245
Calculate the remainder when 825252 is divided by 865.
42
What is the remainder when 24906775 is divided by 5376?
5143
What is the remainder when 1567378 is divided by 522453?
19
What is the remainder when 51386000 is divided by 5228?
5216
What is the remainder when 64420664 is divided by 54?
14
What is the remainder when 4488114 is divided by 385?
169
Calculate the remainder when 77500896 is divided by 39.
18
Calculate the remainder when 2212818 is divided by 138300.
18
What is the remainder when 38275946 is divided by 15?
11
Calculate the remainder when 121452 is divided by 711.
582
Calculate the remainder when 268051 is divided by 4002.
3919
What is the remainder when 8305080 is divided by 4152399?
282
Calculate the remainder when 101781 is divided by 259.
253
Calculate the remainder when 524764 is divided by 174865.
169
What is the remainder when 437002 is divided by 1283?
782
Calculate the remainder when 124308 is divided by 8.
4
Calculate the remainder when 6399272 is divided by 277.
18
What is the remainder when 1265476 is divided by 458?
22
Calculate the remainder when 3293206 is divided by 823292.
38
Calculate the remainder when 1664672 is divided by 1182.
416
Calculate the remainder when 199757 is divided by 1203.
59
What is the remainder when 8133451 is divided by 2033360?
11
What is the remainder when 139312722 is divided by 2034?
2028
What is the remainder when 19563632 is divided by 1623?
1613
What is the remainder when 54067354 is divided by 7?
5
Calculate the remainder when 1293709 is divided by 646851.
7
What is the remainder when 41962463 is divided by 20981216?
31
What is the remainder when 14733 is divided by 4233?
2034
Calculate the remainder when 2513716 is divided by 837805.
301
What is the remainder when 3623643 is divided by 195?
153
What is the remainder when 5233195 is divided by 89?
84
What is the remainder when 64012 is divided by 505?
382
What is the remainder when 373378 is divided by 2612?
2474
Calculate the remainder when 740359879 is divided by 460.
459
Calculate the remainder when 1161661 is divided by 4385.
4021
Calculate the remainder when 8825993 is divided by 2559.
2
What is the remainder when 304857 is divided by 304842?
15
Calculate the remainder when 53161759 is divided by 34.
5
What is the remainder when 367262 is divided by 312?
38
Calculate the remainder when 15371333 is divided by 1914.
1913
Calculate the remainder when 1850873 is divided by 1988.
45
What is the remainder when 204986 is divided by 203698?
1288
What is the remainder when 966210 is divided by 87837?
3
Calculate the remainder when 3927482 is divided by 1220.
302
Calculate the remainder when 156146313 is divided by 2101.
2094
Calculate the remainder when 38444464 is divided by 7266.
58
What is the remainder when 309788 is divided by 30945?
338
Calculate the remainder when 1745565 is divided by 96975.
15
Calculate the remainder when 1045145 is divided by 15830.
365
What is the remainder when 2714322 is divided by 100529?
39
What is the remainder when 3523838 is divided by 10487?
206
Calculate the remainder when 17762639 is divided by 56.
55
What is the remainder when 73670133 is divided by 385?
383
Calculate the remainder when 22070 is divided by 636.
446
What is the remainder when 193011 is divided by 10705?
321
Calculate the remainder when 2863542 is divided by 2931.
2886
Calculate the remainder when 152213 is divided by 16683.
2066
What is the remainder when 12881 is divided by 4247?
140
Calculate the remainder when 136391404 is divided by 464.
460
What is the remainder when 139233987 is divided by 21?
18
What is the remainder when 11215796 is divided by 1674?
1670
What is the remainder when 146579 is divided by 73247?
85
What is the remainder when 780219 is divided by 259735?
1014
Calculate the remainder when 7996550 is divided by 183.
182
Calculate the remainder when 29803274 is divided by 970.
24
Calculate the remainder when 188123 is divided by 186504.
1619
What is the remainder when 3234325 is divided by 129373?
0
What is the remainder when 37291 is divided by 341?
122
Calculate the remainder when 255993 is divided by 3934.
283
What is the remainder when 15916393 is divided by 61?
29
What is the remainder when 3918576 is divided by 149?
25
Calculate the remainder when 31258 is divided by 9212.
3622
Calculate the remainder when 373203 is divided by 30927.
2079
What is the remainder when 41428 is divided by 41172?
256
Calculate the remainder when 358773 is divided by 51069.
1290
Calculate the remainder when 18948736 is divided by 718.
716
Calculate the remainder when 19292319 is divided by 317.
16
What is the remainder when 456738 is divided by 113862?
1290
What is the remainder when 119825 is divided by 59901?
23
Calculate the remainder when 43486 is divided by 1662.
274
What is the remainder when 8315693 is divided by 187?
177
What is the remainder when 78778859 is divided by 26259614?
17
What is the remainder when 3363461 is divided by 343?
3
Calculate the remainder when 16897463 is divided by 8448660.
143
Calculate the remainder when 47405298 is divided by 109.
108
Calculate the remainder when 1470228 is divided by 386.
340
Calculate the remainder when 6476 is divided 